n 130 is divided by 6?
4
Calculate the remainder when 1139 is divided by 57.
56
Calculate the remainder when 233 is divided by 13.
12
Calculate the remainder when 88 is divided by 72.
16
What is the remainder when 228 is divided by 115?
113
Calculate the remainder when 347 is divided by 39.
35
Calculate the remainder when 330 is divided by 123.
84
What is the remainder when 81 is divided by 16?
1
Calculate the remainder when 3655 is divided by 54.
37
What is the remainder when 108 is divided by 42?
24
Calculate the remainder when 8176 is divided by 908.
4
Calculate the remainder when 76 is divided by 12.
4
What is the remainder when 74 is divided by 69?
5
What is the remainder when 570 is divided by 60?
30
Calculate the remainder when 279 is divided by 96.
87
What is the remainder when 61 is divided by 21?
19
What is the remainder when 241 is divided by 22?
21
Calculate the remainder when 1768 is divided by 11.
8
Calculate the remainder when 132 is divided by 49.
34
What is the remainder when 476 is divided by 12?
8
What is the remainder when 8987 is divided by 37?
33
What is the remainder when 4758 is divided by 30?
18
What is the remainder when 62 is divided by 9?
8
Calculate the remainder when 310 is divided by 26.
24
Calculate the remainder when 1328 is divided by 74.
70
What is the remainder when 141 is divided by 6?
3
Calculate the remainder when 261 is divided by 67.
60
Calculate the remainder when 2938 is divided by 294.
292
What is the remainder when 58 is divided by 4?
2
What is the remainder when 7546 is divided by 111?
109
Calculate the remainder when 219 is divided by 37.
34
Calculate the remainder when 970 is divided by 138.
4
Calculate the remainder when 307 is divided by 294.
13
Calculate the remainder when 722 is divided by 25.
22
What is the remainder when 357 is divided by 45?
42
What is the remainder when 3402 is divided by 42?
0
What is the remainder when 1186 is divided by 198?
196
What is the remainder when 82 is divided by 63?
19
Calculate the remainder when 7035 is divided by 22.
17
What is the remainder when 55 is divided by 3?
1
Calculate the remainder when 1548 is divided by 50.
48
What is the remainder when 37 is divided by 33?
4
What is the remainder when 86 is divided by 5?
1
What is the remainder when 197 is divided by 56?
29
Calculate the remainder when 313 is divided by 64.
57
What is the remainder when 553 is divided by 31?
26
Calculate the remainder when 2138 is divided by 51.
47
What is the remainder when 174 is divided by 20?
14
Calculate the remainder when 203 is divided by 105.
98
What is the remainder when 67 is divided by 18?
13
What is the remainder when 15218 is divided by 89?
88
Calculate the remainder when 960 is divided by 109.
88
Calculate the remainder when 898 is divided by 263.
109
Calculate the remainder when 43 is divided by 4.
3
Calculate the remainder when 82 is divided by 20.
2
What is the remainder when 2637 is divided by 120?
117
What is the remainder when 298 is divided by 11?
1
What is the remainder when 642 is divided by 89?
19
Calculate the remainder when 191 is divided by 6.
5
Calculate the remainder when 6414 is divided by 16.
14
Calculate the remainder when 225 is divided by 9.
0
What is the remainder when 174 is divided by 5?
4
What is the remainder when 2785 is divided by 140?
125
What is the remainder when 218 is divided by 76?
66
What is the remainder when 414 is divided by 138?
0
Calculate the remainder when 53 is divided by 28.
25
What is the remainder when 481 is divided by 21?
19
Calculate the remainder when 161 is divided by 18.
17
What is the remainder when 21 is divided by 17?
4
Calculate the remainder when 193 is divided by 94.
5
What is the remainder when 162 is divided by 97?
65
Calculate the remainder when 959 is divided by 47.
19
What is the remainder when 706 is divided by 54?
4
Calculate the remainder when 53 is divided by 5.
3
Calculate the remainder when 71 is divided by 37.
34
What is the remainder when 31 is divided by 8?
7
Calculate the remainder when 4418 is divided by 38.
10
What is the remainder when 142 is divided by 91?
51
Calculate the remainder when 120 is divided by 66.
54
Calculate the remainder when 335 is divided by 19.
12
What is the remainder when 439 is divided by 34?
31
What is the remainder when 1535 is divided by 64?
63
Calculate the remainder when 9 is divided by 8.
1
Calculate the remainder when 3930 is divided by 23.
20
What is the remainder when 299 is divided by 10?
9
Calculate the remainder when 1102 is divided by 94.
68
Calculate the remainder when 1292 is divided by 27.
23
Calculate the remainder when 169 is divided by 8.
1
Calculate the remainder when 52 is divided by 30.
22
What is the remainder when 1298 is divided by 26?
24
What is the remainder when 226 is divided by 114?
112
What is the remainder when 2757 is divided by 42?
27
What is the remainder when 2493 is divided by 139?
130
What is the remainder when 234 is divided by 56?
10
Calculate the remainder when 50 is divided by 17.
16
What is the remainder when 295 is divided by 76?
67
What is the remainder when 224 is divided by 25?
24
What is the remainder when 15743 is divided by 192?
191
Calculate the remainder when 386 is divided by 17.
12
What is the remainder when 337 is divided by 37?
4
Calculate the remainder when 239 is divided by 90.
59
What is the remainder when 323 is divided by 50?
23
Calculate the remainder when 158 is divided by 39.
2
What is the remainder when 325 is divided by 58?
35
Calculate the remainder when 1171 is divided by 579.
13
What is the remainder when 2041 is divided by 677?
10
What is the remainder when 146 is divided by 59?
28
What is the remainder when 7255 is divided by 3618?
19
What is the remainder when 917 is divided by 181?
12
What is the remainder when 233 is divided by 34?
29
What is the remainder when 238 is divided by 10?
8
What is the remainder when 196 is divided by 33?
31
What is the remainder when 1128 is divided by 201?
123
What is the remainder when 333 is divided by 48?
45
What is the remainder when 831 is divided by 7?
5
Calculate the remainder when 211 is divided by 31.
25
Calculate the remainder when 429 is divided by 10.
9
Calculate the remainder when 2534 is divided by 43.
40
Calculate the remainder when 87288 is divided by 58.
56
What is the remainder when 350 is divided by 22?
20
What is the remainder when 527 is divided by 33?
32
Calculate the remainder when 1087 is divided by 270.
7
What is the remainder when 345 is divided by 12?
9
Calculate the remainder when 448 is divided by 200.
48
What is the remainder when 196 is divided by 61?
13
Calculate the remainder when 265 is divided by 80.
25
Calculate the remainder when 626 is divided by 153.
14
Calculate the remainder when 71 is divided by 27.
17
What is the remainder when 80 is divided by 14?
10
Calculate the remainder when 199 is divided by 67.
65
What is the remainder when 39 is divided by 2?
1
What is the remainder when 1408 is divided by 47?
45
Calculate the remainder when 180 is divided by 61.
58
Calculate the remainder when 204 is divided by 85.
34
What is the remainder when 4620 is divided by 4?
0
What is the remainder when 931 is divided by 917?
14
Calculate the remainder when 176 is divided by 109.
67
Calculate the remainder when 275 is divided by 98.
79
What is the remainder when 80 is divided by 2?
0
Calculate the remainder when 638 is divided by 71.
70
Calculate the remainder when 179 is divided by 36.
35
What is the remainder when 303 is divided by 51?
48
Calculate the remainder when 1505 is divided by 52.
49
What is the remainder when 217 is divided by 109?
108
Calculate the remainder when 423 is divided by 145.
133
What is the remainder when 272 is divided by 61?
28
What is the remainder when 1133 is divided by 17?
11
What is the remainder when 242 is divided by 195?
47
Calculate the remainder when 10477 is divided by 131.
128
Calculate the remainder when 734 is divided by 149.
138
What is the remainder when 205 is divided by 43?
33
Calculate the remainder when 342 is divided by 104.
30
What is the remainder when 39 is divided by 26?
13
What is the remainder when 5634 is divided by 35?
34
Calculate the remainder when 3166 is divided by 22.
20
What 